{"id":39084,"date":"2023-04-13T12:10:27","date_gmt":"2023-04-13T09:10:27","guid":{"rendered":"https:\/\/evl.fi\/plus\/?page_id=39084"},"modified":"2025-03-05T15:49:15","modified_gmt":"2025-03-05T13:49:15","slug":"fostran","status":"publish","type":"page","link":"https:\/\/evl.fi\/plus\/sv\/verksamhet\/fostran\/","title":{"rendered":"Fostran"},"content":{"rendered":"\n<p class=\"has-ingressi-font-size wp-block-paragraph\">Kyrkan har en bred fostrande profil som str\u00e4cker sig \u00f6ver m\u00e4nniskans hela liv, fr\u00e5n f\u00f6dseln till livets slut. Varje \u00e5ldersgrupp har r\u00e4tt att bli bem\u00f6tt utifr\u00e5n sin \u00e5lder och mognadsniv\u00e5, vilket betonas bland annat i <a href=\"https:\/\/evl.fi\/plus\/sv\/verksamhet\/stigen\/\">programmet Stigen.<\/a><\/p>\n\n\n\n<figure class=\"wp-block-image size-large\"><img loading=\"lazy\" decoding=\"async\" width=\"1024\" height=\"768\" src=\"https:\/\/evl.fi\/plus\/wp-content\/uploads\/sites\/3\/2023\/07\/MedTxt_447-1024x768.jpg\" alt=\"En familj utforskar naturen, pojken har ett f\u00f6rstoringsglas och en k\u00e4pp i handen.\" class=\"wp-image-68060\" srcset=\"https:\/\/evl.fi\/plus\/wp-content\/uploads\/sites\/3\/2023\/07\/MedTxt_447-1024x768.jpg 1024w, https:\/\/evl.fi\/plus\/wp-content\/uploads\/sites\/3\/2023\/07\/MedTxt_447-300x225.jpg 300w, https:\/\/evl.fi\/plus\/wp-content\/uploads\/sites\/3\/2023\/07\/MedTxt_447-768x576.jpg 768w, https:\/\/evl.fi\/plus\/wp-content\/uploads\/sites\/3\/2023\/07\/MedTxt_447-612x459.jpg 612w, https:\/\/evl.fi\/plus\/wp-content\/uploads\/sites\/3\/2023\/07\/MedTxt_447.jpg 1240w\" sizes=\"auto, (max-width: 1024px) 100vw, 1024px\" \/><\/figure>\n\n\n\n<p class=\"wp-block-paragraph\">Varje m\u00e4nniskas egenv\u00e4rde \u00e4r okr\u00e4nkbart och alla \u00e4r, och f\u00e5r vara, unika. D\u00e4rf\u00f6r finns det ocks\u00e5 en pr\u00e4st som utvecklar arbetet bland dem som har en kognitiv funktionsvariation. P\u00e5 samma s\u00e4tt har d\u00f6va en pr\u00e4st som ser speciellt till deras behov.<\/p>\n\n\n\n<p class=\"wp-block-paragraph\">Alla \u00e4r v\u00e4lkomna med i kyrkans liv och verksamhet!<\/p>\n\n\n\n<p class=\"wp-block-paragraph\"><\/p>\n\n\n\n<div id=\"color-banner-block_bbb2d3ab4d0251f70f1c1f9289d2ae4f\" class=\"color-banner block-color-banner\">\n    <div class=\"row\">\n\n          <div class=\"col-12 \">\n        <div class=\"block-color-banner__wrapper with-bg-color bg-babyblue \" >\n          <div class=\"row\">\n            <div class=\"col-12 col-sm-9 col-md-8 d-flex justify-content-center align-items-center text-column\" >\n              <div class=\"block-color-banner__column-content \">\n                <div class=\"text-content \">\n                  <h2 class=\"h3 mb-4\">Ta kontakt<\/h2>\n                  <p class=\"text-body-large\"><\/p>\n                                      <a class=\"button\" href=\"https:\/\/evl.fi\/plus\/sv\/henkilo\/stefan-myrskog\/\" target=\"_self\">Stefan Myrskog<\/a>\n                                  <\/div>\n              <\/div>\n            <\/div>\n            <div class=\"col-12 col-sm-3 col-md-4 bg-icon\">\n              <div class=\"\">\n              <\/div>\n            <\/div>\n          <\/div>\n        <\/div>\n      <\/div>\n    <!-- end of main color banner -->\n      <\/div>\n<\/div>\n","protected":false},"excerpt":{"rendered":"<p>Kyrkan har en bred fostrande profil som str\u00e4cker sig \u00f6ver m\u00e4nniskans hela liv, fr\u00e5n f\u00f6dseln till livets slut.<\/p>\n","protected":false},"author":15,"featured_media":68060,"parent":38885,"menu_order":3,"comment_status":"closed","ping_status":"closed","template":"template-text-page-sidebar.php","meta":{"_acf_changed":false,"_relevanssi_hide_post":"","_relevanssi_hide_content":"","_relevanssi_pin_for_all":"","_relevanssi_pin_keywords":"","_relevanssi_unpin_keywords":"","_relevanssi_related_keywords":"","_relevanssi_related_include_ids":"","_relevanssi_related_exclude_ids":"","_relevanssi_related_no_append":"","_relevanssi_related_not_related":"","_relevanssi_related_posts":"727,722,719","_relevanssi_noindex_reason":"","footnotes":""},"class_list":["post-39084","page","type-page","status-publish","has-post-thumbnail","hentry"],"acf":[],"yoast_head":"<!-- This site is optimized with the Yoast SEO plugin v28.3 - https:\/\/yoast.com\/product\/yoast-seo-wordpress\/ -->\n<title>Fostran - EVL Plus<\/title>\n<meta name=\"description\" content=\"Kyrkan har en bred fostrande profil som str\u00e4cker sig \u00f6ver m\u00e4nniskans hela liv, fr\u00e5n f\u00f6dseln till livets slut.\u00a0\" \/>\n<meta name=\"robots\" content=\"index, follow, max-snippet:-1, max-image-preview:large, max-video-preview:-1\" \/>\n<link rel=\"canonical\" href=\"https:\/\/evl.fi\/plus\/sv\/verksamhet\/fostran\/\" \/>\n<meta property=\"og:locale\" content=\"fi_FI\" \/>\n<meta property=\"og:type\" content=\"article\" \/>\n<meta property=\"og:title\" content=\"Fostran - EVL Plus\" \/>\n<meta property=\"og:description\" content=\"Kyrkan har en bred fostrande profil som str\u00e4cker sig \u00f6ver m\u00e4nniskans hela liv, fr\u00e5n f\u00f6dseln till livets slut.\u00a0\" \/>\n<meta property=\"og:url\" content=\"https:\/\/evl.fi\/plus\/sv\/verksamhet\/fostran\/\" \/>\n<meta property=\"og:site_name\" content=\"EVL Plus\" \/>\n<meta property=\"article:modified_time\" content=\"2025-03-05T13:49:15+00:00\" \/>\n<meta property=\"og:image\" content=\"https:\/\/evl.fi\/plus\/wp-content\/uploads\/sites\/3\/2023\/07\/MedTxt_447.jpg\" \/>\n\t<meta property=\"og:image:width\" content=\"1240\" \/>\n\t<meta property=\"og:image:height\" content=\"930\" \/>\n\t<meta property=\"og:image:type\" content=\"image\/jpeg\" \/>\n<meta name=\"twitter:card\" content=\"summary_large_image\" \/>\n<meta name=\"twitter:label1\" content=\"Arvioitu lukuaika\" \/>\n\t<meta name=\"twitter:data1\" content=\"1 minuutti\" \/>\n<script type=\"application\/ld+json\" class=\"yoast-schema-graph\">{\"@context\":\"https:\\\/\\\/schema.org\",\"@graph\":[{\"@type\":\"WebPage\",\"@id\":\"https:\\\/\\\/evl.fi\\\/plus\\\/sv\\\/verksamhet\\\/fostran\\\/\",\"url\":\"https:\\\/\\\/evl.fi\\\/plus\\\/sv\\\/verksamhet\\\/fostran\\\/\",\"name\":\"Fostran - EVL Plus\",\"isPartOf\":{\"@id\":\"https:\\\/\\\/evl.fi\\\/plus\\\/#website\"},\"primaryImageOfPage\":{\"@id\":\"https:\\\/\\\/evl.fi\\\/plus\\\/sv\\\/verksamhet\\\/fostran\\\/#primaryimage\"},\"image\":{\"@id\":\"https:\\\/\\\/evl.fi\\\/plus\\\/sv\\\/verksamhet\\\/fostran\\\/#primaryimage\"},\"thumbnailUrl\":\"https:\\\/\\\/evl.fi\\\/plus\\\/wp-content\\\/uploads\\\/sites\\\/3\\\/2023\\\/07\\\/MedTxt_447.jpg\",\"datePublished\":\"2023-04-13T09:10:27+00:00\",\"dateModified\":\"2025-03-05T13:49:15+00:00\",\"description\":\"Kyrkan har en bred fostrande profil som str\u00e4cker sig \u00f6ver m\u00e4nniskans hela liv, fr\u00e5n f\u00f6dseln till livets slut.\u00a0\",\"breadcrumb\":{\"@id\":\"https:\\\/\\\/evl.fi\\\/plus\\\/sv\\\/verksamhet\\\/fostran\\\/#breadcrumb\"},\"inLanguage\":\"fi\",\"potentialAction\":[{\"@type\":\"ReadAction\",\"target\":[\"https:\\\/\\\/evl.fi\\\/plus\\\/sv\\\/verksamhet\\\/fostran\\\/\"]}]},{\"@type\":\"ImageObject\",\"inLanguage\":\"fi\",\"@id\":\"https:\\\/\\\/evl.fi\\\/plus\\\/sv\\\/verksamhet\\\/fostran\\\/#primaryimage\",\"url\":\"https:\\\/\\\/evl.fi\\\/plus\\\/wp-content\\\/uploads\\\/sites\\\/3\\\/2023\\\/07\\\/MedTxt_447.jpg\",\"contentUrl\":\"https:\\\/\\\/evl.fi\\\/plus\\\/wp-content\\\/uploads\\\/sites\\\/3\\\/2023\\\/07\\\/MedTxt_447.jpg\",\"width\":1240,\"height\":930,\"caption\":\"En familj utforskar naturen, pojken har ett f\u00f6rstoringsglas och en k\u00e4pp i handen.\"},{\"@type\":\"BreadcrumbList\",\"@id\":\"https:\\\/\\\/evl.fi\\\/plus\\\/sv\\\/verksamhet\\\/fostran\\\/#breadcrumb\",\"itemListElement\":[{\"@type\":\"ListItem\",\"position\":1,\"name\":\"Home\",\"item\":\"https:\\\/\\\/evl.fi\\\/plus\\\/sv\\\/\"},{\"@type\":\"ListItem\",\"position\":2,\"name\":\"Verksamhet\",\"item\":\"https:\\\/\\\/evl.fi\\\/plus\\\/sv\\\/verksamhet\\\/\"},{\"@type\":\"ListItem\",\"position\":3,\"name\":\"Fostran\"}]},{\"@type\":\"WebSite\",\"@id\":\"https:\\\/\\\/evl.fi\\\/plus\\\/#website\",\"url\":\"https:\\\/\\\/evl.fi\\\/plus\\\/\",\"name\":\"EVL Plus\",\"description\":\"\",\"potentialAction\":[{\"@type\":\"SearchAction\",\"target\":{\"@type\":\"EntryPoint\",\"urlTemplate\":\"https:\\\/\\\/evl.fi\\\/plus\\\/?s={search_term_string}\"},\"query-input\":{\"@type\":\"PropertyValueSpecification\",\"valueRequired\":true,\"valueName\":\"search_term_string\"}}],\"inLanguage\":\"fi\"}]}<\/script>\n<!-- \/ Yoast SEO plugin. -->","yoast_head_json":{"title":"Fostran - EVL Plus","description":"Kyrkan har en bred fostrande profil som str\u00e4cker sig \u00f6ver m\u00e4nniskans hela liv, fr\u00e5n f\u00f6dseln till livets slut.\u00a0","robots":{"index":"index","follow":"follow","max-snippet":"max-snippet:-1","max-image-preview":"max-image-preview:large","max-video-preview":"max-video-preview:-1"},"canonical":"https:\/\/evl.fi\/plus\/sv\/verksamhet\/fostran\/","og_locale":"fi_FI","og_type":"article","og_title":"Fostran - EVL Plus","og_description":"Kyrkan har en bred fostrande profil som str\u00e4cker sig \u00f6ver m\u00e4nniskans hela liv, fr\u00e5n f\u00f6dseln till livets slut.\u00a0","og_url":"https:\/\/evl.fi\/plus\/sv\/verksamhet\/fostran\/","og_site_name":"EVL Plus","article_modified_time":"2025-03-05T13:49:15+00:00","og_image":[{"width":1240,"height":930,"url":"https:\/\/evl.fi\/plus\/wp-content\/uploads\/sites\/3\/2023\/07\/MedTxt_447.jpg","type":"image\/jpeg"}],"twitter_card":"summary_large_image","twitter_misc":{"Arvioitu lukuaika":"1 minuutti"},"schema":{"@context":"https:\/\/schema.org","@graph":[{"@type":"WebPage","@id":"https:\/\/evl.fi\/plus\/sv\/verksamhet\/fostran\/","url":"https:\/\/evl.fi\/plus\/sv\/verksamhet\/fostran\/","name":"Fostran - EVL Plus","isPartOf":{"@id":"https:\/\/evl.fi\/plus\/#website"},"primaryImageOfPage":{"@id":"https:\/\/evl.fi\/plus\/sv\/verksamhet\/fostran\/#primaryimage"},"image":{"@id":"https:\/\/evl.fi\/plus\/sv\/verksamhet\/fostran\/#primaryimage"},"thumbnailUrl":"https:\/\/evl.fi\/plus\/wp-content\/uploads\/sites\/3\/2023\/07\/MedTxt_447.jpg","datePublished":"2023-04-13T09:10:27+00:00","dateModified":"2025-03-05T13:49:15+00:00","description":"Kyrkan har en bred fostrande profil som str\u00e4cker sig \u00f6ver m\u00e4nniskans hela liv, fr\u00e5n f\u00f6dseln till livets slut.\u00a0","breadcrumb":{"@id":"https:\/\/evl.fi\/plus\/sv\/verksamhet\/fostran\/#breadcrumb"},"inLanguage":"fi","potentialAction":[{"@type":"ReadAction","target":["https:\/\/evl.fi\/plus\/sv\/verksamhet\/fostran\/"]}]},{"@type":"ImageObject","inLanguage":"fi","@id":"https:\/\/evl.fi\/plus\/sv\/verksamhet\/fostran\/#primaryimage","url":"https:\/\/evl.fi\/plus\/wp-content\/uploads\/sites\/3\/2023\/07\/MedTxt_447.jpg","contentUrl":"https:\/\/evl.fi\/plus\/wp-content\/uploads\/sites\/3\/2023\/07\/MedTxt_447.jpg","width":1240,"height":930,"caption":"En familj utforskar naturen, pojken har ett f\u00f6rstoringsglas och en k\u00e4pp i handen."},{"@type":"BreadcrumbList","@id":"https:\/\/evl.fi\/plus\/sv\/verksamhet\/fostran\/#breadcrumb","itemListElement":[{"@type":"ListItem","position":1,"name":"Home","item":"https:\/\/evl.fi\/plus\/sv\/"},{"@type":"ListItem","position":2,"name":"Verksamhet","item":"https:\/\/evl.fi\/plus\/sv\/verksamhet\/"},{"@type":"ListItem","position":3,"name":"Fostran"}]},{"@type":"WebSite","@id":"https:\/\/evl.fi\/plus\/#website","url":"https:\/\/evl.fi\/plus\/","name":"EVL Plus","description":"","potentialAction":[{"@type":"SearchAction","target":{"@type":"EntryPoint","urlTemplate":"https:\/\/evl.fi\/plus\/?s={search_term_string}"},"query-input":{"@type":"PropertyValueSpecification","valueRequired":true,"valueName":"search_term_string"}}],"inLanguage":"fi"}]}},"lang":"sv","translations":{"sv":39084,"fi":38407},"pll_sync_post":{},"_links":{"self":[{"href":"https:\/\/evl.fi\/plus\/wp-json\/wp\/v2\/pages\/39084","targetHints":{"allow":["GET"]}}],"collection":[{"href":"https:\/\/evl.fi\/plus\/wp-json\/wp\/v2\/pages"}],"about":[{"href":"https:\/\/evl.fi\/plus\/wp-json\/wp\/v2\/types\/page"}],"author":[{"embeddable":true,"href":"https:\/\/evl.fi\/plus\/wp-json\/wp\/v2\/users\/15"}],"replies":[{"embeddable":true,"href":"https:\/\/evl.fi\/plus\/wp-json\/wp\/v2\/comments?post=39084"}],"version-history":[{"count":27,"href":"https:\/\/evl.fi\/plus\/wp-json\/wp\/v2\/pages\/39084\/revisions"}],"predecessor-version":[{"id":156642,"href":"https:\/\/evl.fi\/plus\/wp-json\/wp\/v2\/pages\/39084\/revisions\/156642"}],"up":[{"embeddable":true,"href":"https:\/\/evl.fi\/plus\/wp-json\/wp\/v2\/pages\/38885"}],"wp:featuredmedia":[{"embeddable":true,"href":"https:\/\/evl.fi\/plus\/wp-json\/wp\/v2\/media\/68060"}],"wp:attachment":[{"href":"https:\/\/evl.fi\/plus\/wp-json\/wp\/v2\/media?parent=39084"}],"curies":[{"name":"wp","href":"https:\/\/api.w.org\/{rel}","templated":true}]}}

<p class="has-ingressi-font-size wp-block-paragraph">Kyrkan har en bred fostrande profil som sträcker sig över människans hela liv, från födseln till livets slut. Varje åldersgrupp har rätt att bli bemött utifrån sin ålder och mognadsnivå, vilket betonas bland annat i <a href="https://evl.fi/plus/sv/verksamhet/stigen/">programmet Stigen.</a></p>



<figure class="wp-block-image size-large"><img loading="lazy" decoding="async" width="1024" height="768" src="https://evl.fi/plus/wp-content/uploads/sites/3/2023/07/MedTxt_447-1024x768.jpg" alt="En familj utforskar naturen, pojken har ett förstoringsglas och en käpp i handen." class="wp-image-68060" srcset="https://evl.fi/plus/wp-content/uploads/sites/3/2023/07/MedTxt_447-1024x768.jpg 1024w, https://evl.fi/plus/wp-content/uploads/sites/3/2023/07/MedTxt_447-300x225.jpg 300w, https://evl.fi/plus/wp-content/uploads/sites/3/2023/07/MedTxt_447-768x576.jpg 768w, https://evl.fi/plus/wp-content/uploads/sites/3/2023/07/MedTxt_447-612x459.jpg 612w, https://evl.fi/plus/wp-content/uploads/sites/3/2023/07/MedTxt_447.jpg 1240w" sizes="auto, (max-width: 1024px) 100vw, 1024px" /></figure>



<p class="wp-block-paragraph">Varje människas egenvärde är okränkbart och alla är, och får vara, unika. Därför finns det också en präst som utvecklar arbetet bland dem som har en kognitiv funktionsvariation. På samma sätt har döva en präst som ser speciellt till deras behov.</p>



<p class="wp-block-paragraph">Alla är välkomna med i kyrkans liv och verksamhet!</p>



<p class="wp-block-paragraph"></p>



<div id="color-banner-block_bbb2d3ab4d0251f70f1c1f9289d2ae4f" class="color-banner block-color-banner">
    <div class="row">

          <div class="col-12 ">
        <div class="block-color-banner__wrapper with-bg-color bg-babyblue " >
          <div class="row">
            <div class="col-12 col-sm-9 col-md-8 d-flex justify-content-center align-items-center text-column" >
              <div class="block-color-banner__column-content ">
                <div class="text-content ">
                  <h2 class="h3 mb-4">Ta kontakt</h2>
                  <p class="text-body-large"></p>
                                      <a class="button" href="https://evl.fi/plus/sv/henkilo/stefan-myrskog/" target="_self">Stefan Myrskog</a>
                                  </div>
              </div>
            </div>
            <div class="col-12 col-sm-3 col-md-4 bg-icon">
              <div class="">
              </div>
            </div>
          </div>
        </div>
      </div>
    <!-- end of main color banner -->
      </div>
</div>

<p>Kyrkan har en bred fostrande profil som sträcker sig över människans hela liv, från födseln till livets slut.</p>

<!-- This site is optimized with the Yoast SEO plugin v28.3 - https://yoast.com/product/yoast-seo-wordpress/ -->
<title>Fostran - EVL Plus</title>
<meta name="description" content="Kyrkan har en bred fostrande profil som sträcker sig över människans hela liv, från födseln till livets slut. " />
<meta name="robots" content="index, follow, max-snippet:-1, max-image-preview:large, max-video-preview:-1" />
<link rel="canonical" href="https://evl.fi/plus/sv/verksamhet/fostran/" />
<meta property="og:locale" content="fi_FI" />
<meta property="og:type" content="article" />
<meta property="og:title" content="Fostran - EVL Plus" />
<meta property="og:description" content="Kyrkan har en bred fostrande profil som sträcker sig över människans hela liv, från födseln till livets slut. " />
<meta property="og:url" content="https://evl.fi/plus/sv/verksamhet/fostran/" />
<meta property="og:site_name" content="EVL Plus" />
<meta property="article:modified_time" content="2025-03-05T13:49:15+00:00" />
<meta property="og:image" content="https://evl.fi/plus/wp-content/uploads/sites/3/2023/07/MedTxt_447.jpg" />
	<meta property="og:image:width" content="1240" />
	<meta property="og:image:height" content="930" />
	<meta property="og:image:type" content="image/jpeg" />
<meta name="twitter:card" content="summary_large_image" />
<meta name="twitter:label1" content="Arvioitu lukuaika" />
	<meta name="twitter:data1" content="1 minuutti" />
<script type="application/ld+json" class="yoast-schema-graph">{"@context":"https:\/\/schema.org","@graph":[{"@type":"WebPage","@id":"https:\/\/evl.fi\/plus\/sv\/verksamhet\/fostran\/","url":"https:\/\/evl.fi\/plus\/sv\/verksamhet\/fostran\/","name":"Fostran - EVL Plus","isPartOf":{"@id":"https:\/\/evl.fi\/plus\/#website"},"primaryImageOfPage":{"@id":"https:\/\/evl.fi\/plus\/sv\/verksamhet\/fostran\/#primaryimage"},"image":{"@id":"https:\/\/evl.fi\/plus\/sv\/verksamhet\/fostran\/#primaryimage"},"thumbnailUrl":"https:\/\/evl.fi\/plus\/wp-content\/uploads\/sites\/3\/2023\/07\/MedTxt_447.jpg","datePublished":"2023-04-13T09:10:27+00:00","dateModified":"2025-03-05T13:49:15+00:00","description":"Kyrkan har en bred fostrande profil som sträcker sig över människans hela liv, från födseln till livets slut. ","breadcrumb":{"@id":"https:\/\/evl.fi\/plus\/sv\/verksamhet\/fostran\/#breadcrumb"},"inLanguage":"fi","potentialAction":[{"@type":"ReadAction","target":["https:\/\/evl.fi\/plus\/sv\/verksamhet\/fostran\/"]}]},{"@type":"ImageObject","inLanguage":"fi","@id":"https:\/\/evl.fi\/plus\/sv\/verksamhet\/fostran\/#primaryimage","url":"https:\/\/evl.fi\/plus\/wp-content\/uploads\/sites\/3\/2023\/07\/MedTxt_447.jpg","contentUrl":"https:\/\/evl.fi\/plus\/wp-content\/uploads\/sites\/3\/2023\/07\/MedTxt_447.jpg","width":1240,"height":930,"caption":"En familj utforskar naturen, pojken har ett förstoringsglas och en käpp i handen."},{"@type":"BreadcrumbList","@id":"https:\/\/evl.fi\/plus\/sv\/verksamhet\/fostran\/#breadcrumb","itemListElement":[{"@type":"ListItem","position":1,"name":"Home","item":"https:\/\/evl.fi\/plus\/sv\/"},{"@type":"ListItem","position":2,"name":"Verksamhet","item":"https:\/\/evl.fi\/plus\/sv\/verksamhet\/"},{"@type":"ListItem","position":3,"name":"Fostran"}]},{"@type":"WebSite","@id":"https:\/\/evl.fi\/plus\/#website","url":"https:\/\/evl.fi\/plus\/","name":"EVL Plus","description":"","potentialAction":[{"@type":"SearchAction","target":{"@type":"EntryPoint","urlTemplate":"https:\/\/evl.fi\/plus\/?s={search_term_string}"},"query-input":{"@type":"PropertyValueSpecification","valueRequired":true,"valueName":"search_term_string"}}],"inLanguage":"fi"}]}</script>
<!-- / Yoast SEO plugin. -->

Kyrkan har en bred fostrande profil som sträcker sig över människans hela liv, från födseln till livets slut.

En familj utforskar naturen, pojken har ett förstoringsglas och en käpp i handen.
