{"id":191169,"date":"2026-09-02T14:50:30","date_gmt":"2026-09-02T11:50:30","guid":{"rendered":"https:\/\/evl.fi\/plus\/?post_type=events&#038;p=191169"},"modified":"2026-09-02T14:51:51","modified_gmt":"2026-09-02T11:51:51","slug":"ekumeeninenvastuuviikkoinfo","status":"publish","type":"events","link":"https:\/\/evl.fi\/plus\/tapahtumat\/ekumeeninenvastuuviikkoinfo\/","title":{"rendered":"Ekumeenisen vastuuviikon aamuinfo kirkon viestij\u00f6ille"},"content":{"rendered":"\n<p class=\"wp-block-paragraph\"><\/p>\n\n\n\n<p class=\"wp-block-paragraph\">Valtakunnallista, eri kirkkojen yhteist\u00e4 ekumeenista vastuuviikkoa vietet\u00e4\u00e4n 18.\u201325.10.2026 teemalla <em>N\u00e4e ihminen!<\/em> Teemaan liittyv\u00e4 kolehtipyh\u00e4 on 25.10.2026.<\/p>\n\n\n\n<p class=\"wp-block-paragraph\">Ennen teemaviikon alkua SEN j\u00e4rjest\u00e4\u00e4 lyhyen infon, jossa saat valmiita, innostavia materiaaleja ja k\u00e4yt\u00e4nn\u00f6n vinkkej\u00e4 ekumeenisen vastuuviikon toteuttamiseen omassa seurakunnassasi. Et\u00e4tapaamisessa kuulet my\u00f6s Suomen Ekumeenisen Neuvoston uusimmat kuulumiset.<\/p>\n\n\n\n<p class=\"wp-block-paragraph\">Mukana ovat p\u00e4\u00e4sihteeri Laura H\u00e4kli ja asiantuntija Heikki Rusama. Ilmoittaudu mukaan, niin saat my\u00f6s tilaisuuden tallenteen.<\/p>\n\n\n\n<p class=\"wp-block-paragraph\"><strong>Ekumeenisen vastuuviikon aamuinfo kirkon viestij\u00f6ille<\/strong><\/p>\n\n\n\n<p class=\"wp-block-paragraph\"><strong>5.10.2026 klo 9.00\u20139.30 (Teams)<\/strong><\/p>\n\n\n\n<p class=\"wp-block-paragraph\"><strong>Ilmoittaudu t\u00e4st\u00e4:<\/strong> <a href=\"https:\/\/ekumenia.fi\/9818-2\/\">Suomen Ekumeeninen Neuvosto<\/a><\/p>\n\n\n\n<p class=\"wp-block-paragraph\">L\u00e4mpim\u00e4sti tervetuloa!<\/p>\n\n\n\n<p class=\"wp-block-paragraph\">Heikki Rusama<br>Asiantuntija<br>Suomen Ekumeeninen Neuvosto<\/p>\n\n\n\n<p class=\"wp-block-paragraph\"><a href=\"mailto:heikki.rusama@ekumenia.fi\">heikki.rusama@ekumenia.fi<\/a><\/p>\n\n\n\n<p class=\"wp-block-paragraph\"><\/p>\n\n\n\n<p class=\"wp-block-paragraph\"><\/p>\n","protected":false},"excerpt":{"rendered":"<p>Valtakunnallista, eri kirkkojen yhteist\u00e4 ekumeenista vastuuviikkoa vietet\u00e4\u00e4n 18.\u201325.10.2026 teemalla N\u00e4e ihminen! Teemaan liittyv\u00e4 kolehtipyh\u00e4 on 25.10.2026. Ennen teemaviikon alkua SEN j\u00e4rjest\u00e4\u00e4 lyhyen infon, jossa saat valmiita, innostavia materiaaleja ja k\u00e4yt\u00e4nn\u00f6n vinkkej\u00e4 ekumeenisen vastuuviikon toteuttamiseen omassa seurakunnassasi. Et\u00e4tapaamisessa kuulet my\u00f6s Suomen Ekumeenisen Neuvoston uusimmat kuulumiset. Mukana ovat p\u00e4\u00e4sihteeri Laura H\u00e4kli ja asiantuntija Heikki Rusama. Ilmoittaudu mukaan, [&hellip;]<\/p>\n","protected":false},"featured_media":191170,"template":"","eventcategory":[],"class_list":["post-191169","events","type-events","status-publish","has-post-thumbnail","hentry"],"acf":[],"yoast_head":"<!-- This site is optimized with the Yoast SEO plugin v28.3 - https:\/\/yoast.com\/product\/yoast-seo-wordpress\/ -->\n<title>Ekumeenisen vastuuviikon aamuinfo kirkon viestij\u00f6ille - EVL Plus<\/title>\n<meta name=\"description\" content=\"Valtakunnallista, eri kirkkojen yhteist\u00e4 ekumeenista vastuuviikkoa vietet\u00e4\u00e4n 18.\u201325.10.2026 teemalla N\u00e4e ihminen! Osallistu Infoon, joka on suunnattu kirkon viestij\u00f6ille.\" \/>\n<meta name=\"robots\" content=\"index, follow, max-snippet:-1, max-image-preview:large, max-video-preview:-1\" \/>\n<link rel=\"canonical\" href=\"https:\/\/evl.fi\/plus\/tapahtumat\/ekumeeninenvastuuviikkoinfo\/\" \/>\n<meta property=\"og:locale\" content=\"fi_FI\" \/>\n<meta property=\"og:type\" content=\"article\" \/>\n<meta property=\"og:title\" content=\"Ekumeenisen vastuuviikon aamuinfo kirkon viestij\u00f6ille - EVL Plus\" \/>\n<meta property=\"og:description\" content=\"Valtakunnallista, eri kirkkojen yhteist\u00e4 ekumeenista vastuuviikkoa vietet\u00e4\u00e4n 18.\u201325.10.2026 teemalla N\u00e4e ihminen! Osallistu Infoon, joka on suunnattu kirkon viestij\u00f6ille.\" \/>\n<meta property=\"og:url\" content=\"https:\/\/evl.fi\/plus\/tapahtumat\/ekumeeninenvastuuviikkoinfo\/\" \/>\n<meta property=\"og:site_name\" content=\"EVL Plus\" \/>\n<meta property=\"article:modified_time\" content=\"2026-09-02T11:51:51+00:00\" \/>\n<meta property=\"og:image\" content=\"https:\/\/evl.fi\/plus\/wp-content\/uploads\/sites\/3\/2026\/09\/Vastuuviikon-logo.png\" \/>\n\t<meta property=\"og:image:width\" content=\"2025\" \/>\n\t<meta property=\"og:image:height\" content=\"2025\" \/>\n\t<meta property=\"og:image:type\" content=\"image\/png\" \/>\n<meta name=\"twitter:card\" content=\"summary_large_image\" \/>\n<meta name=\"twitter:label1\" content=\"Arvioitu lukuaika\" \/>\n\t<meta name=\"twitter:data1\" content=\"1 minuutti\" \/>\n<script type=\"application\/ld+json\" class=\"yoast-schema-graph\">{\"@context\":\"https:\\\/\\\/schema.org\",\"@graph\":[{\"@type\":\"WebPage\",\"@id\":\"https:\\\/\\\/evl.fi\\\/plus\\\/tapahtumat\\\/ekumeeninenvastuuviikkoinfo\\\/\",\"url\":\"https:\\\/\\\/evl.fi\\\/plus\\\/tapahtumat\\\/ekumeeninenvastuuviikkoinfo\\\/\",\"name\":\"Ekumeenisen vastuuviikon aamuinfo kirkon viestij\u00f6ille - EVL Plus\",\"isPartOf\":{\"@id\":\"https:\\\/\\\/evl.fi\\\/plus\\\/#website\"},\"primaryImageOfPage\":{\"@id\":\"https:\\\/\\\/evl.fi\\\/plus\\\/tapahtumat\\\/ekumeeninenvastuuviikkoinfo\\\/#primaryimage\"},\"image\":{\"@id\":\"https:\\\/\\\/evl.fi\\\/plus\\\/tapahtumat\\\/ekumeeninenvastuuviikkoinfo\\\/#primaryimage\"},\"thumbnailUrl\":\"https:\\\/\\\/evl.fi\\\/plus\\\/wp-content\\\/uploads\\\/sites\\\/3\\\/2026\\\/09\\\/Vastuuviikon-logo.png\",\"datePublished\":\"2026-09-02T11:50:30+00:00\",\"dateModified\":\"2026-09-02T11:51:51+00:00\",\"description\":\"Valtakunnallista, eri kirkkojen yhteist\u00e4 ekumeenista vastuuviikkoa vietet\u00e4\u00e4n 18.\u201325.10.2026 teemalla N\u00e4e ihminen! Osallistu Infoon, joka on suunnattu kirkon viestij\u00f6ille.\",\"breadcrumb\":{\"@id\":\"https:\\\/\\\/evl.fi\\\/plus\\\/tapahtumat\\\/ekumeeninenvastuuviikkoinfo\\\/#breadcrumb\"},\"inLanguage\":\"fi\",\"potentialAction\":[{\"@type\":\"ReadAction\",\"target\":[\"https:\\\/\\\/evl.fi\\\/plus\\\/tapahtumat\\\/ekumeeninenvastuuviikkoinfo\\\/\"]}]},{\"@type\":\"ImageObject\",\"inLanguage\":\"fi\",\"@id\":\"https:\\\/\\\/evl.fi\\\/plus\\\/tapahtumat\\\/ekumeeninenvastuuviikkoinfo\\\/#primaryimage\",\"url\":\"https:\\\/\\\/evl.fi\\\/plus\\\/wp-content\\\/uploads\\\/sites\\\/3\\\/2026\\\/09\\\/Vastuuviikon-logo.png\",\"contentUrl\":\"https:\\\/\\\/evl.fi\\\/plus\\\/wp-content\\\/uploads\\\/sites\\\/3\\\/2026\\\/09\\\/Vastuuviikon-logo.png\",\"width\":2025,\"height\":2025,\"caption\":\"Vastuuviikon logo.\"},{\"@type\":\"BreadcrumbList\",\"@id\":\"https:\\\/\\\/evl.fi\\\/plus\\\/tapahtumat\\\/ekumeeninenvastuuviikkoinfo\\\/#breadcrumb\",\"itemListElement\":[{\"@type\":\"ListItem\",\"position\":1,\"name\":\"Home\",\"item\":\"https:\\\/\\\/evl.fi\\\/plus\\\/sv\\\/\"},{\"@type\":\"ListItem\",\"position\":2,\"name\":\"Tapahtumat\",\"item\":\"https:\\\/\\\/evl.fi\\\/plus\\\/tapahtumat\\\/\"},{\"@type\":\"ListItem\",\"position\":3,\"name\":\"Ekumeenisen vastuuviikon aamuinfo kirkon viestij\u00f6ille\"}]},{\"@type\":\"WebSite\",\"@id\":\"https:\\\/\\\/evl.fi\\\/plus\\\/#website\",\"url\":\"https:\\\/\\\/evl.fi\\\/plus\\\/\",\"name\":\"EVL Plus\",\"description\":\"\",\"potentialAction\":[{\"@type\":\"SearchAction\",\"target\":{\"@type\":\"EntryPoint\",\"urlTemplate\":\"https:\\\/\\\/evl.fi\\\/plus\\\/?s={search_term_string}\"},\"query-input\":{\"@type\":\"PropertyValueSpecification\",\"valueRequired\":true,\"valueName\":\"search_term_string\"}}],\"inLanguage\":\"fi\"}]}<\/script>\n<!-- \/ Yoast SEO plugin. -->","yoast_head_json":{"title":"Ekumeenisen vastuuviikon aamuinfo kirkon viestij\u00f6ille - EVL Plus","description":"Valtakunnallista, eri kirkkojen yhteist\u00e4 ekumeenista vastuuviikkoa vietet\u00e4\u00e4n 18.\u201325.10.2026 teemalla N\u00e4e ihminen! Osallistu Infoon, joka on suunnattu kirkon viestij\u00f6ille.","robots":{"index":"index","follow":"follow","max-snippet":"max-snippet:-1","max-image-preview":"max-image-preview:large","max-video-preview":"max-video-preview:-1"},"canonical":"https:\/\/evl.fi\/plus\/tapahtumat\/ekumeeninenvastuuviikkoinfo\/","og_locale":"fi_FI","og_type":"article","og_title":"Ekumeenisen vastuuviikon aamuinfo kirkon viestij\u00f6ille - EVL Plus","og_description":"Valtakunnallista, eri kirkkojen yhteist\u00e4 ekumeenista vastuuviikkoa vietet\u00e4\u00e4n 18.\u201325.10.2026 teemalla N\u00e4e ihminen! Osallistu Infoon, joka on suunnattu kirkon viestij\u00f6ille.","og_url":"https:\/\/evl.fi\/plus\/tapahtumat\/ekumeeninenvastuuviikkoinfo\/","og_site_name":"EVL Plus","article_modified_time":"2026-09-02T11:51:51+00:00","og_image":[{"width":2025,"height":2025,"url":"https:\/\/evl.fi\/plus\/wp-content\/uploads\/sites\/3\/2026\/09\/Vastuuviikon-logo.png","type":"image\/png"}],"twitter_card":"summary_large_image","twitter_misc":{"Arvioitu lukuaika":"1 minuutti"},"schema":{"@context":"https:\/\/schema.org","@graph":[{"@type":"WebPage","@id":"https:\/\/evl.fi\/plus\/tapahtumat\/ekumeeninenvastuuviikkoinfo\/","url":"https:\/\/evl.fi\/plus\/tapahtumat\/ekumeeninenvastuuviikkoinfo\/","name":"Ekumeenisen vastuuviikon aamuinfo kirkon viestij\u00f6ille - EVL Plus","isPartOf":{"@id":"https:\/\/evl.fi\/plus\/#website"},"primaryImageOfPage":{"@id":"https:\/\/evl.fi\/plus\/tapahtumat\/ekumeeninenvastuuviikkoinfo\/#primaryimage"},"image":{"@id":"https:\/\/evl.fi\/plus\/tapahtumat\/ekumeeninenvastuuviikkoinfo\/#primaryimage"},"thumbnailUrl":"https:\/\/evl.fi\/plus\/wp-content\/uploads\/sites\/3\/2026\/09\/Vastuuviikon-logo.png","datePublished":"2026-09-02T11:50:30+00:00","dateModified":"2026-09-02T11:51:51+00:00","description":"Valtakunnallista, eri kirkkojen yhteist\u00e4 ekumeenista vastuuviikkoa vietet\u00e4\u00e4n 18.\u201325.10.2026 teemalla N\u00e4e ihminen! Osallistu Infoon, joka on suunnattu kirkon viestij\u00f6ille.","breadcrumb":{"@id":"https:\/\/evl.fi\/plus\/tapahtumat\/ekumeeninenvastuuviikkoinfo\/#breadcrumb"},"inLanguage":"fi","potentialAction":[{"@type":"ReadAction","target":["https:\/\/evl.fi\/plus\/tapahtumat\/ekumeeninenvastuuviikkoinfo\/"]}]},{"@type":"ImageObject","inLanguage":"fi","@id":"https:\/\/evl.fi\/plus\/tapahtumat\/ekumeeninenvastuuviikkoinfo\/#primaryimage","url":"https:\/\/evl.fi\/plus\/wp-content\/uploads\/sites\/3\/2026\/09\/Vastuuviikon-logo.png","contentUrl":"https:\/\/evl.fi\/plus\/wp-content\/uploads\/sites\/3\/2026\/09\/Vastuuviikon-logo.png","width":2025,"height":2025,"caption":"Vastuuviikon logo."},{"@type":"BreadcrumbList","@id":"https:\/\/evl.fi\/plus\/tapahtumat\/ekumeeninenvastuuviikkoinfo\/#breadcrumb","itemListElement":[{"@type":"ListItem","position":1,"name":"Home","item":"https:\/\/evl.fi\/plus\/sv\/"},{"@type":"ListItem","position":2,"name":"Tapahtumat","item":"https:\/\/evl.fi\/plus\/tapahtumat\/"},{"@type":"ListItem","position":3,"name":"Ekumeenisen vastuuviikon aamuinfo kirkon viestij\u00f6ille"}]},{"@type":"WebSite","@id":"https:\/\/evl.fi\/plus\/#website","url":"https:\/\/evl.fi\/plus\/","name":"EVL Plus","description":"","potentialAction":[{"@type":"SearchAction","target":{"@type":"EntryPoint","urlTemplate":"https:\/\/evl.fi\/plus\/?s={search_term_string}"},"query-input":{"@type":"PropertyValueSpecification","valueRequired":true,"valueName":"search_term_string"}}],"inLanguage":"fi"}]}},"lang":"fi","translations":{"fi":191169},"pll_sync_post":{},"_links":{"self":[{"href":"https:\/\/evl.fi\/plus\/wp-json\/wp\/v2\/events\/191169","targetHints":{"allow":["GET"]}}],"collection":[{"href":"https:\/\/evl.fi\/plus\/wp-json\/wp\/v2\/events"}],"about":[{"href":"https:\/\/evl.fi\/plus\/wp-json\/wp\/v2\/types\/events"}],"version-history":[{"count":2,"href":"https:\/\/evl.fi\/plus\/wp-json\/wp\/v2\/events\/191169\/revisions"}],"predecessor-version":[{"id":191178,"href":"https:\/\/evl.fi\/plus\/wp-json\/wp\/v2\/events\/191169\/revisions\/191178"}],"wp:featuredmedia":[{"embeddable":true,"href":"https:\/\/evl.fi\/plus\/wp-json\/wp\/v2\/media\/191170"}],"wp:attachment":[{"href":"https:\/\/evl.fi\/plus\/wp-json\/wp\/v2\/media?parent=191169"}],"wp:term":[{"taxonomy":"eventcategory","embeddable":true,"href":"https:\/\/evl.fi\/plus\/wp-json\/wp\/v2\/eventcategory?post=191169"}],"curies":[{"name":"wp","href":"https:\/\/api.w.org\/{rel}","templated":true}]}}

Ekumeenisen vastuuviikon aamuinfo kirkon viestijöille

<p class="wp-block-paragraph"></p>



<p class="wp-block-paragraph">Valtakunnallista, eri kirkkojen yhteistä ekumeenista vastuuviikkoa vietetään 18.–25.10.2026 teemalla <em>Näe ihminen!</em> Teemaan liittyvä kolehtipyhä on 25.10.2026.</p>



<p class="wp-block-paragraph">Ennen teemaviikon alkua SEN järjestää lyhyen infon, jossa saat valmiita, innostavia materiaaleja ja käytännön vinkkejä ekumeenisen vastuuviikon toteuttamiseen omassa seurakunnassasi. Etätapaamisessa kuulet myös Suomen Ekumeenisen Neuvoston uusimmat kuulumiset.</p>



<p class="wp-block-paragraph">Mukana ovat pääsihteeri Laura Häkli ja asiantuntija Heikki Rusama. Ilmoittaudu mukaan, niin saat myös tilaisuuden tallenteen.</p>



<p class="wp-block-paragraph"><strong>Ekumeenisen vastuuviikon aamuinfo kirkon viestijöille</strong></p>



<p class="wp-block-paragraph"><strong>5.10.2026 klo 9.00–9.30 (Teams)</strong></p>



<p class="wp-block-paragraph"><strong>Ilmoittaudu tästä:</strong> <a href="https://ekumenia.fi/9818-2/">Suomen Ekumeeninen Neuvosto</a></p>



<p class="wp-block-paragraph">Lämpimästi tervetuloa!</p>



<p class="wp-block-paragraph">Heikki Rusama<br>Asiantuntija<br>Suomen Ekumeeninen Neuvosto</p>



<p class="wp-block-paragraph"><a href="mailto:heikki.rusama@ekumenia.fi">heikki.rusama@ekumenia.fi</a></p>



<p class="wp-block-paragraph"></p>



<p class="wp-block-paragraph"></p>

<p>Valtakunnallista, eri kirkkojen yhteistä ekumeenista vastuuviikkoa vietetään 18.–25.10.2026 teemalla Näe ihminen! Teemaan liittyvä kolehtipyhä on 25.10.2026. Ennen teemaviikon alkua SEN järjestää lyhyen infon, jossa saat valmiita, innostavia materiaaleja ja käytännön vinkkejä ekumeenisen vastuuviikon toteuttamiseen omassa seurakunnassasi. Etätapaamisessa kuulet myös Suomen Ekumeenisen Neuvoston uusimmat kuulumiset. Mukana ovat pääsihteeri Laura Häkli ja asiantuntija Heikki Rusama. Ilmoittaudu mukaan, [&hellip;]</p>

<!-- This site is optimized with the Yoast SEO plugin v28.3 - https://yoast.com/product/yoast-seo-wordpress/ -->
<title>Ekumeenisen vastuuviikon aamuinfo kirkon viestijöille - EVL Plus</title>
<meta name="description" content="Valtakunnallista, eri kirkkojen yhteistä ekumeenista vastuuviikkoa vietetään 18.–25.10.2026 teemalla Näe ihminen! Osallistu Infoon, joka on suunnattu kirkon viestijöille." />
<meta name="robots" content="index, follow, max-snippet:-1, max-image-preview:large, max-video-preview:-1" />
<link rel="canonical" href="https://evl.fi/plus/tapahtumat/ekumeeninenvastuuviikkoinfo/" />
<meta property="og:locale" content="fi_FI" />
<meta property="og:type" content="article" />
<meta property="og:title" content="Ekumeenisen vastuuviikon aamuinfo kirkon viestijöille - EVL Plus" />
<meta property="og:description" content="Valtakunnallista, eri kirkkojen yhteistä ekumeenista vastuuviikkoa vietetään 18.–25.10.2026 teemalla Näe ihminen! Osallistu Infoon, joka on suunnattu kirkon viestijöille." />
<meta property="og:url" content="https://evl.fi/plus/tapahtumat/ekumeeninenvastuuviikkoinfo/" />
<meta property="og:site_name" content="EVL Plus" />
<meta property="article:modified_time" content="2026-09-02T11:51:51+00:00" />
<meta property="og:image" content="https://evl.fi/plus/wp-content/uploads/sites/3/2026/09/Vastuuviikon-logo.png" />
	<meta property="og:image:width" content="2025" />
	<meta property="og:image:height" content="2025" />
	<meta property="og:image:type" content="image/png" />
<meta name="twitter:card" content="summary_large_image" />
<meta name="twitter:label1" content="Arvioitu lukuaika" />
	<meta name="twitter:data1" content="1 minuutti" />
<script type="application/ld+json" class="yoast-schema-graph">{"@context":"https:\/\/schema.org","@graph":[{"@type":"WebPage","@id":"https:\/\/evl.fi\/plus\/tapahtumat\/ekumeeninenvastuuviikkoinfo\/","url":"https:\/\/evl.fi\/plus\/tapahtumat\/ekumeeninenvastuuviikkoinfo\/","name":"Ekumeenisen vastuuviikon aamuinfo kirkon viestijöille - EVL Plus","isPartOf":{"@id":"https:\/\/evl.fi\/plus\/#website"},"primaryImageOfPage":{"@id":"https:\/\/evl.fi\/plus\/tapahtumat\/ekumeeninenvastuuviikkoinfo\/#primaryimage"},"image":{"@id":"https:\/\/evl.fi\/plus\/tapahtumat\/ekumeeninenvastuuviikkoinfo\/#primaryimage"},"thumbnailUrl":"https:\/\/evl.fi\/plus\/wp-content\/uploads\/sites\/3\/2026\/09\/Vastuuviikon-logo.png","datePublished":"2026-09-02T11:50:30+00:00","dateModified":"2026-09-02T11:51:51+00:00","description":"Valtakunnallista, eri kirkkojen yhteistä ekumeenista vastuuviikkoa vietetään 18.–25.10.2026 teemalla Näe ihminen! Osallistu Infoon, joka on suunnattu kirkon viestijöille.","breadcrumb":{"@id":"https:\/\/evl.fi\/plus\/tapahtumat\/ekumeeninenvastuuviikkoinfo\/#breadcrumb"},"inLanguage":"fi","potentialAction":[{"@type":"ReadAction","target":["https:\/\/evl.fi\/plus\/tapahtumat\/ekumeeninenvastuuviikkoinfo\/"]}]},{"@type":"ImageObject","inLanguage":"fi","@id":"https:\/\/evl.fi\/plus\/tapahtumat\/ekumeeninenvastuuviikkoinfo\/#primaryimage","url":"https:\/\/evl.fi\/plus\/wp-content\/uploads\/sites\/3\/2026\/09\/Vastuuviikon-logo.png","contentUrl":"https:\/\/evl.fi\/plus\/wp-content\/uploads\/sites\/3\/2026\/09\/Vastuuviikon-logo.png","width":2025,"height":2025,"caption":"Vastuuviikon logo."},{"@type":"BreadcrumbList","@id":"https:\/\/evl.fi\/plus\/tapahtumat\/ekumeeninenvastuuviikkoinfo\/#breadcrumb","itemListElement":[{"@type":"ListItem","position":1,"name":"Home","item":"https:\/\/evl.fi\/plus\/sv\/"},{"@type":"ListItem","position":2,"name":"Tapahtumat","item":"https:\/\/evl.fi\/plus\/tapahtumat\/"},{"@type":"ListItem","position":3,"name":"Ekumeenisen vastuuviikon aamuinfo kirkon viestijöille"}]},{"@type":"WebSite","@id":"https:\/\/evl.fi\/plus\/#website","url":"https:\/\/evl.fi\/plus\/","name":"EVL Plus","description":"","potentialAction":[{"@type":"SearchAction","target":{"@type":"EntryPoint","urlTemplate":"https:\/\/evl.fi\/plus\/?s={search_term_string}"},"query-input":{"@type":"PropertyValueSpecification","valueRequired":true,"valueName":"search_term_string"}}],"inLanguage":"fi"}]}</script>
<!-- / Yoast SEO plugin. -->

Ekumeenisen vastuuviikon aamuinfo kirkon viestijöille - EVL Plus

Valtakunnallista, eri kirkkojen yhteistä ekumeenista vastuuviikkoa vietetään 18.–25.10.2026 teemalla Näe ihminen! Osallistu Infoon, joka on suunnattu kirkon viestijöille.
