{"id":809,"date":"2024-11-05T14:48:27","date_gmt":"2024-11-05T12:48:27","guid":{"rendered":"https:\/\/evl.fi\/kirkontyomarkkinalaitos\/?page_id=809"},"modified":"2026-09-03T12:57:44","modified_gmt":"2026-09-03T09:57:44","slug":"koulutussuunnitelma","status":"publish","type":"page","link":"https:\/\/evl.fi\/kirkontyomarkkinalaitos\/henkilostojohtaminen\/koulutussuunnitelma\/","title":{"rendered":"Koulutussuunnitelma"},"content":{"rendered":"\n<p class=\"wp-block-paragraph\"><\/p>\n\n\n\n<p class=\"wp-block-paragraph\"><\/p>\n\n\n\n<p class=\"wp-block-paragraph\">Kun seurakunnan henkil\u00f6st\u00f6n lukum\u00e4\u00e4r\u00e4 on s\u00e4\u00e4nn\u00f6llisesti alle 20, voidaan laatia Kirkon henkil\u00f6st\u00f6n ammatillisen osaamisen kehitt\u00e4missopimuksen mukainen koulutussuunnitelma (KirVESTES liite 12). Henkil\u00f6st\u00f6n lukum\u00e4\u00e4r\u00e4\u00e4 laskettaessa otetaan huomioon koko- ja osa-aikaiset ty\u00f6ntekij\u00e4t.<\/p>\n\n\n\n<p class=\"wp-block-paragraph\">Jos suunnitelmaa ei laadita, ty\u00f6nantajan on ty\u00f6ntekij\u00e4n sit\u00e4 pyyt\u00e4ess\u00e4 keskusteltava ty\u00f6ntekij\u00e4n kanssa t\u00e4m\u00e4n ammatillisen osaamisen kehitt\u00e4miseen liittyvist\u00e4 kysymyksist\u00e4.<\/p>\n\n\n\n<p class=\"wp-block-paragraph\">Koulutussuunnitelman avulla ty\u00f6nantaja huolehtii siit\u00e4, ett\u00e4 ty\u00f6ntekij\u00f6ille tarjotaan suunnitelmallisesti koulutusta, joka on tarpeen ty\u00f6ntekij\u00f6iden ammatillisen osaamisen yll\u00e4pit\u00e4miseksi ja kehitt\u00e4miseksi vastaamaan ty\u00f6n ja ty\u00f6teht\u00e4vien asettamia vaatimuksia ja ennakoitavissa olevia muuttuvia osaamistarpeita.<\/p>\n\n\n\n<p class=\"wp-block-paragraph\">Suunnitelman l\u00e4ht\u00f6kohtana ovat ty\u00f6nantajan tuotanto- ja palvelutoiminnan tarpeet ja ty\u00f6ntekij\u00f6iden pitk\u00e4n aikav\u00e4lin ty\u00f6llistymismahdollisuudet ty\u00f6nantajan palveluksessa.<\/p>\n\n\n\n<ul class=\"wp-block-list\">\n<li><a href=\"https:\/\/evl.fi\/kirkontyomarkkinalaitos\/wp-content\/uploads\/sites\/8\/2026\/04\/Kirvestes-2025-2028_liite12.pdf\">Kirkon henkil\u00f6st\u00f6n ammatillisen osaamisen kehitt\u00e4missopimus<\/a><\/li>\n\n\n\n<li><a href=\"https:\/\/evl.fi\/kirkontyomarkkinalaitos\/wp-content\/uploads\/sites\/8\/2026\/04\/Kirvestes-2025-2028_83\u00a7_Koulutusaika.pdf\">KirVESTES, 83 \u00a7 Koulutusaika<\/a><\/li>\n\n\n\n<li><a href=\"https:\/\/evl.fi\/kirkontyomarkkinalaitos\/wp-content\/uploads\/sites\/8\/2025\/03\/Kirvestes-2025-2028_liite10.pdf\">Kirkon yhteistoimintasopimus<\/a><\/li>\n<\/ul>\n\n\n\n<p class=\"wp-block-paragraph\"><\/p>\n","protected":false},"excerpt":{"rendered":"<p>Kun seurakunnan henkil\u00f6st\u00f6n lukum\u00e4\u00e4r\u00e4 on s\u00e4\u00e4nn\u00f6llisesti alle 20, voidaan laatia Kirkon henkil\u00f6st\u00f6n ammatillisen osaamisen kehitt\u00e4missopimuksen mukainen koulutussuunnitelma (KirVESTES liite 12). Henkil\u00f6st\u00f6n lukum\u00e4\u00e4r\u00e4\u00e4 laskettaessa otetaan huomioon koko- ja osa-aikaiset ty\u00f6ntekij\u00e4t. Jos suunnitelmaa ei laadita, ty\u00f6nantajan on ty\u00f6ntekij\u00e4n sit\u00e4 pyyt\u00e4ess\u00e4 keskusteltava ty\u00f6ntekij\u00e4n kanssa t\u00e4m\u00e4n ammatillisen osaamisen kehitt\u00e4miseen liittyvist\u00e4 kysymyksist\u00e4. Koulutussuunnitelman avulla ty\u00f6nantaja huolehtii siit\u00e4, ett\u00e4 ty\u00f6ntekij\u00f6ille tarjotaan [&hellip;]<\/p>\n","protected":false},"author":115,"featured_media":0,"parent":628,"menu_order":4,"comment_status":"closed","ping_status":"closed","template":"template-text-page-sidebar.php","meta":{"_acf_changed":false,"_relevanssi_hide_post":"","_relevanssi_hide_content":"","_relevanssi_pin_for_all":"","_relevanssi_pin_keywords":"","_relevanssi_unpin_keywords":"","_relevanssi_related_keywords":"","_relevanssi_related_include_ids":"","_relevanssi_related_exclude_ids":"","_relevanssi_related_no_append":"","_relevanssi_related_not_related":"","_relevanssi_related_posts":"","_relevanssi_noindex_reason":"","footnotes":""},"class_list":["post-809","page","type-page","status-publish","hentry"],"acf":[],"yoast_head":"<!-- This site is optimized with the Yoast SEO plugin v28.3 - https:\/\/yoast.com\/product\/yoast-seo-wordpress\/ -->\n<title>Koulutussuunnitelma - Kirkon ty\u00f6markkinalaitos<\/title>\n<meta name=\"description\" content=\"Seurakunnan on laadittava koulutussuunnitelma, jos sen henkil\u00f6st\u00f6n lukum\u00e4\u00e4r\u00e4 on s\u00e4\u00e4nn\u00f6llisesti v\u00e4hint\u00e4\u00e4n 20.\" \/>\n<meta name=\"robots\" content=\"index, follow, max-snippet:-1, max-image-preview:large, max-video-preview:-1\" \/>\n<link rel=\"canonical\" href=\"https:\/\/evl.fi\/kirkontyomarkkinalaitos\/henkilostojohtaminen\/koulutussuunnitelma\/\" \/>\n<meta property=\"og:locale\" content=\"fi_FI\" \/>\n<meta property=\"og:type\" content=\"article\" \/>\n<meta property=\"og:title\" content=\"Koulutussuunnitelma - Kirkon ty\u00f6markkinalaitos\" \/>\n<meta property=\"og:description\" content=\"Seurakunnan on laadittava koulutussuunnitelma, jos sen henkil\u00f6st\u00f6n lukum\u00e4\u00e4r\u00e4 on s\u00e4\u00e4nn\u00f6llisesti v\u00e4hint\u00e4\u00e4n 20.\" \/>\n<meta property=\"og:url\" content=\"https:\/\/evl.fi\/kirkontyomarkkinalaitos\/henkilostojohtaminen\/koulutussuunnitelma\/\" \/>\n<meta property=\"og:site_name\" content=\"Kirkon ty\u00f6markkinalaitos\" \/>\n<meta property=\"article:modified_time\" content=\"2026-09-03T09:57:44+00:00\" \/>\n<meta name=\"twitter:card\" content=\"summary_large_image\" \/>\n<meta name=\"twitter:label1\" content=\"Arvioitu lukuaika\" \/>\n\t<meta name=\"twitter:data1\" content=\"1 minuutti\" \/>\n<script type=\"application\/ld+json\" class=\"yoast-schema-graph\">{\"@context\":\"https:\\\/\\\/schema.org\",\"@graph\":[{\"@type\":\"WebPage\",\"@id\":\"https:\\\/\\\/evl.fi\\\/kirkontyomarkkinalaitos\\\/henkilostojohtaminen\\\/koulutussuunnitelma\\\/\",\"url\":\"https:\\\/\\\/evl.fi\\\/kirkontyomarkkinalaitos\\\/henkilostojohtaminen\\\/koulutussuunnitelma\\\/\",\"name\":\"Koulutussuunnitelma - Kirkon ty\u00f6markkinalaitos\",\"isPartOf\":{\"@id\":\"https:\\\/\\\/evl.fi\\\/kirkontyomarkkinalaitos\\\/#website\"},\"datePublished\":\"2024-11-05T12:48:27+00:00\",\"dateModified\":\"2026-09-03T09:57:44+00:00\",\"description\":\"Seurakunnan on laadittava koulutussuunnitelma, jos sen henkil\u00f6st\u00f6n lukum\u00e4\u00e4r\u00e4 on s\u00e4\u00e4nn\u00f6llisesti v\u00e4hint\u00e4\u00e4n 20.\",\"breadcrumb\":{\"@id\":\"https:\\\/\\\/evl.fi\\\/kirkontyomarkkinalaitos\\\/henkilostojohtaminen\\\/koulutussuunnitelma\\\/#breadcrumb\"},\"inLanguage\":\"fi\",\"potentialAction\":[{\"@type\":\"ReadAction\",\"target\":[\"https:\\\/\\\/evl.fi\\\/kirkontyomarkkinalaitos\\\/henkilostojohtaminen\\\/koulutussuunnitelma\\\/\"]}]},{\"@type\":\"BreadcrumbList\",\"@id\":\"https:\\\/\\\/evl.fi\\\/kirkontyomarkkinalaitos\\\/henkilostojohtaminen\\\/koulutussuunnitelma\\\/#breadcrumb\",\"itemListElement\":[{\"@type\":\"ListItem\",\"position\":1,\"name\":\"Home\",\"item\":\"https:\\\/\\\/evl.fi\\\/kirkontyomarkkinalaitos\\\/\"},{\"@type\":\"ListItem\",\"position\":2,\"name\":\"Henkil\u00f6st\u00f6johtaminen\",\"item\":\"https:\\\/\\\/evl.fi\\\/kirkontyomarkkinalaitos\\\/henkilostojohtaminen\\\/\"},{\"@type\":\"ListItem\",\"position\":3,\"name\":\"Koulutussuunnitelma\"}]},{\"@type\":\"WebSite\",\"@id\":\"https:\\\/\\\/evl.fi\\\/kirkontyomarkkinalaitos\\\/#website\",\"url\":\"https:\\\/\\\/evl.fi\\\/kirkontyomarkkinalaitos\\\/\",\"name\":\"Kirkon ty\u00f6markkinalaitos\",\"description\":\"\",\"potentialAction\":[{\"@type\":\"SearchAction\",\"target\":{\"@type\":\"EntryPoint\",\"urlTemplate\":\"https:\\\/\\\/evl.fi\\\/kirkontyomarkkinalaitos\\\/?s={search_term_string}\"},\"query-input\":{\"@type\":\"PropertyValueSpecification\",\"valueRequired\":true,\"valueName\":\"search_term_string\"}}],\"inLanguage\":\"fi\"}]}<\/script>\n<!-- \/ Yoast SEO plugin. -->","yoast_head_json":{"title":"Koulutussuunnitelma - Kirkon ty\u00f6markkinalaitos","description":"Seurakunnan on laadittava koulutussuunnitelma, jos sen henkil\u00f6st\u00f6n lukum\u00e4\u00e4r\u00e4 on s\u00e4\u00e4nn\u00f6llisesti v\u00e4hint\u00e4\u00e4n 20.","robots":{"index":"index","follow":"follow","max-snippet":"max-snippet:-1","max-image-preview":"max-image-preview:large","max-video-preview":"max-video-preview:-1"},"canonical":"https:\/\/evl.fi\/kirkontyomarkkinalaitos\/henkilostojohtaminen\/koulutussuunnitelma\/","og_locale":"fi_FI","og_type":"article","og_title":"Koulutussuunnitelma - Kirkon ty\u00f6markkinalaitos","og_description":"Seurakunnan on laadittava koulutussuunnitelma, jos sen henkil\u00f6st\u00f6n lukum\u00e4\u00e4r\u00e4 on s\u00e4\u00e4nn\u00f6llisesti v\u00e4hint\u00e4\u00e4n 20.","og_url":"https:\/\/evl.fi\/kirkontyomarkkinalaitos\/henkilostojohtaminen\/koulutussuunnitelma\/","og_site_name":"Kirkon ty\u00f6markkinalaitos","article_modified_time":"2026-09-03T09:57:44+00:00","twitter_card":"summary_large_image","twitter_misc":{"Arvioitu lukuaika":"1 minuutti"},"schema":{"@context":"https:\/\/schema.org","@graph":[{"@type":"WebPage","@id":"https:\/\/evl.fi\/kirkontyomarkkinalaitos\/henkilostojohtaminen\/koulutussuunnitelma\/","url":"https:\/\/evl.fi\/kirkontyomarkkinalaitos\/henkilostojohtaminen\/koulutussuunnitelma\/","name":"Koulutussuunnitelma - Kirkon ty\u00f6markkinalaitos","isPartOf":{"@id":"https:\/\/evl.fi\/kirkontyomarkkinalaitos\/#website"},"datePublished":"2024-11-05T12:48:27+00:00","dateModified":"2026-09-03T09:57:44+00:00","description":"Seurakunnan on laadittava koulutussuunnitelma, jos sen henkil\u00f6st\u00f6n lukum\u00e4\u00e4r\u00e4 on s\u00e4\u00e4nn\u00f6llisesti v\u00e4hint\u00e4\u00e4n 20.","breadcrumb":{"@id":"https:\/\/evl.fi\/kirkontyomarkkinalaitos\/henkilostojohtaminen\/koulutussuunnitelma\/#breadcrumb"},"inLanguage":"fi","potentialAction":[{"@type":"ReadAction","target":["https:\/\/evl.fi\/kirkontyomarkkinalaitos\/henkilostojohtaminen\/koulutussuunnitelma\/"]}]},{"@type":"BreadcrumbList","@id":"https:\/\/evl.fi\/kirkontyomarkkinalaitos\/henkilostojohtaminen\/koulutussuunnitelma\/#breadcrumb","itemListElement":[{"@type":"ListItem","position":1,"name":"Home","item":"https:\/\/evl.fi\/kirkontyomarkkinalaitos\/"},{"@type":"ListItem","position":2,"name":"Henkil\u00f6st\u00f6johtaminen","item":"https:\/\/evl.fi\/kirkontyomarkkinalaitos\/henkilostojohtaminen\/"},{"@type":"ListItem","position":3,"name":"Koulutussuunnitelma"}]},{"@type":"WebSite","@id":"https:\/\/evl.fi\/kirkontyomarkkinalaitos\/#website","url":"https:\/\/evl.fi\/kirkontyomarkkinalaitos\/","name":"Kirkon ty\u00f6markkinalaitos","description":"","potentialAction":[{"@type":"SearchAction","target":{"@type":"EntryPoint","urlTemplate":"https:\/\/evl.fi\/kirkontyomarkkinalaitos\/?s={search_term_string}"},"query-input":{"@type":"PropertyValueSpecification","valueRequired":true,"valueName":"search_term_string"}}],"inLanguage":"fi"}]}},"lang":"fi","translations":{"fi":809,"sv":1112},"pll_sync_post":{},"_links":{"self":[{"href":"https:\/\/evl.fi\/kirkontyomarkkinalaitos\/wp-json\/wp\/v2\/pages\/809","targetHints":{"allow":["GET"]}}],"collection":[{"href":"https:\/\/evl.fi\/kirkontyomarkkinalaitos\/wp-json\/wp\/v2\/pages"}],"about":[{"href":"https:\/\/evl.fi\/kirkontyomarkkinalaitos\/wp-json\/wp\/v2\/types\/page"}],"author":[{"embeddable":true,"href":"https:\/\/evl.fi\/kirkontyomarkkinalaitos\/wp-json\/wp\/v2\/users\/115"}],"replies":[{"embeddable":true,"href":"https:\/\/evl.fi\/kirkontyomarkkinalaitos\/wp-json\/wp\/v2\/comments?post=809"}],"version-history":[{"count":21,"href":"https:\/\/evl.fi\/kirkontyomarkkinalaitos\/wp-json\/wp\/v2\/pages\/809\/revisions"}],"predecessor-version":[{"id":6632,"href":"https:\/\/evl.fi\/kirkontyomarkkinalaitos\/wp-json\/wp\/v2\/pages\/809\/revisions\/6632"}],"up":[{"embeddable":true,"href":"https:\/\/evl.fi\/kirkontyomarkkinalaitos\/wp-json\/wp\/v2\/pages\/628"}],"wp:attachment":[{"href":"https:\/\/evl.fi\/kirkontyomarkkinalaitos\/wp-json\/wp\/v2\/media?parent=809"}],"curies":[{"name":"wp","href":"https:\/\/api.w.org\/{rel}","templated":true}]}}

<p class="wp-block-paragraph"></p>



<p class="wp-block-paragraph"></p>



<p class="wp-block-paragraph">Kun seurakunnan henkilöstön lukumäärä on säännöllisesti alle 20, voidaan laatia Kirkon henkilöstön ammatillisen osaamisen kehittämissopimuksen mukainen koulutussuunnitelma (KirVESTES liite 12). Henkilöstön lukumäärää laskettaessa otetaan huomioon koko- ja osa-aikaiset työntekijät.</p>



<p class="wp-block-paragraph">Jos suunnitelmaa ei laadita, työnantajan on työntekijän sitä pyytäessä keskusteltava työntekijän kanssa tämän ammatillisen osaamisen kehittämiseen liittyvistä kysymyksistä.</p>



<p class="wp-block-paragraph">Koulutussuunnitelman avulla työnantaja huolehtii siitä, että työntekijöille tarjotaan suunnitelmallisesti koulutusta, joka on tarpeen työntekijöiden ammatillisen osaamisen ylläpitämiseksi ja kehittämiseksi vastaamaan työn ja työtehtävien asettamia vaatimuksia ja ennakoitavissa olevia muuttuvia osaamistarpeita.</p>



<p class="wp-block-paragraph">Suunnitelman lähtökohtana ovat työnantajan tuotanto- ja palvelutoiminnan tarpeet ja työntekijöiden pitkän aikavälin työllistymismahdollisuudet työnantajan palveluksessa.</p>



<ul class="wp-block-list">
<li><a href="https://evl.fi/kirkontyomarkkinalaitos/wp-content/uploads/sites/8/2026/04/Kirvestes-2025-2028_liite12.pdf">Kirkon henkilöstön ammatillisen osaamisen kehittämissopimus</a></li>



<li><a href="https://evl.fi/kirkontyomarkkinalaitos/wp-content/uploads/sites/8/2026/04/Kirvestes-2025-2028_83§_Koulutusaika.pdf">KirVESTES, 83 § Koulutusaika</a></li>



<li><a href="https://evl.fi/kirkontyomarkkinalaitos/wp-content/uploads/sites/8/2025/03/Kirvestes-2025-2028_liite10.pdf">Kirkon yhteistoimintasopimus</a></li>
</ul>



<p class="wp-block-paragraph"></p>

<p>Kun seurakunnan henkilöstön lukumäärä on säännöllisesti alle 20, voidaan laatia Kirkon henkilöstön ammatillisen osaamisen kehittämissopimuksen mukainen koulutussuunnitelma (KirVESTES liite 12). Henkilöstön lukumäärää laskettaessa otetaan huomioon koko- ja osa-aikaiset työntekijät. Jos suunnitelmaa ei laadita, työnantajan on työntekijän sitä pyytäessä keskusteltava työntekijän kanssa tämän ammatillisen osaamisen kehittämiseen liittyvistä kysymyksistä. Koulutussuunnitelman avulla työnantaja huolehtii siitä, että työntekijöille tarjotaan [&hellip;]</p>

<!-- This site is optimized with the Yoast SEO plugin v28.3 - https://yoast.com/product/yoast-seo-wordpress/ -->
<title>Koulutussuunnitelma - Kirkon työmarkkinalaitos</title>
<meta name="description" content="Seurakunnan on laadittava koulutussuunnitelma, jos sen henkilöstön lukumäärä on säännöllisesti vähintään 20." />
<meta name="robots" content="index, follow, max-snippet:-1, max-image-preview:large, max-video-preview:-1" />
<link rel="canonical" href="https://evl.fi/kirkontyomarkkinalaitos/henkilostojohtaminen/koulutussuunnitelma/" />
<meta property="og:locale" content="fi_FI" />
<meta property="og:type" content="article" />
<meta property="og:title" content="Koulutussuunnitelma - Kirkon työmarkkinalaitos" />
<meta property="og:description" content="Seurakunnan on laadittava koulutussuunnitelma, jos sen henkilöstön lukumäärä on säännöllisesti vähintään 20." />
<meta property="og:url" content="https://evl.fi/kirkontyomarkkinalaitos/henkilostojohtaminen/koulutussuunnitelma/" />
<meta property="og:site_name" content="Kirkon työmarkkinalaitos" />
<meta property="article:modified_time" content="2026-09-03T09:57:44+00:00" />
<meta name="twitter:card" content="summary_large_image" />
<meta name="twitter:label1" content="Arvioitu lukuaika" />
	<meta name="twitter:data1" content="1 minuutti" />
<script type="application/ld+json" class="yoast-schema-graph">{"@context":"https:\/\/schema.org","@graph":[{"@type":"WebPage","@id":"https:\/\/evl.fi\/kirkontyomarkkinalaitos\/henkilostojohtaminen\/koulutussuunnitelma\/","url":"https:\/\/evl.fi\/kirkontyomarkkinalaitos\/henkilostojohtaminen\/koulutussuunnitelma\/","name":"Koulutussuunnitelma - Kirkon työmarkkinalaitos","isPartOf":{"@id":"https:\/\/evl.fi\/kirkontyomarkkinalaitos\/#website"},"datePublished":"2024-11-05T12:48:27+00:00","dateModified":"2026-09-03T09:57:44+00:00","description":"Seurakunnan on laadittava koulutussuunnitelma, jos sen henkilöstön lukumäärä on säännöllisesti vähintään 20.","breadcrumb":{"@id":"https:\/\/evl.fi\/kirkontyomarkkinalaitos\/henkilostojohtaminen\/koulutussuunnitelma\/#breadcrumb"},"inLanguage":"fi","potentialAction":[{"@type":"ReadAction","target":["https:\/\/evl.fi\/kirkontyomarkkinalaitos\/henkilostojohtaminen\/koulutussuunnitelma\/"]}]},{"@type":"BreadcrumbList","@id":"https:\/\/evl.fi\/kirkontyomarkkinalaitos\/henkilostojohtaminen\/koulutussuunnitelma\/#breadcrumb","itemListElement":[{"@type":"ListItem","position":1,"name":"Home","item":"https:\/\/evl.fi\/kirkontyomarkkinalaitos\/"},{"@type":"ListItem","position":2,"name":"Henkilöstöjohtaminen","item":"https:\/\/evl.fi\/kirkontyomarkkinalaitos\/henkilostojohtaminen\/"},{"@type":"ListItem","position":3,"name":"Koulutussuunnitelma"}]},{"@type":"WebSite","@id":"https:\/\/evl.fi\/kirkontyomarkkinalaitos\/#website","url":"https:\/\/evl.fi\/kirkontyomarkkinalaitos\/","name":"Kirkon työmarkkinalaitos","description":"","potentialAction":[{"@type":"SearchAction","target":{"@type":"EntryPoint","urlTemplate":"https:\/\/evl.fi\/kirkontyomarkkinalaitos\/?s={search_term_string}"},"query-input":{"@type":"PropertyValueSpecification","valueRequired":true,"valueName":"search_term_string"}}],"inLanguage":"fi"}]}</script>
<!-- / Yoast SEO plugin. -->

Koulutussuunnitelma - Kirkon työmarkkinalaitos

Seurakunnan on laadittava koulutussuunnitelma, jos sen henkilöstön lukumäärä on säännöllisesti vähintään 20.

Kirkon työmarkkinalaitos

Henkilöstöjohtaminen
